. What is y(r)?
5
Let c(l) = -32*l**2 + l + 6. Let k = 29050 + -29052. What is c(k)?
-124
Let y(r) = r**2 - 161*r + 20. Let u(z) = 2*z**2 - 168*z + 21. Let b(t) = 12*u(t) - 13*y(t). Determine b(-7).
-8
Let s(w) = -6*w - 33. Suppose -14*i - 8*i - 98 = -8*i. What is s(i)?
9
Let t = 1 + -5. Let p(k) be the third derivative of -k**6/360 - k**5/120 - 427*k**4/24 + 227*k**2. Let q(g) be the second derivative of p(g). Determine q(t).
7
Let r(d) be the first derivative of 3/2*d**2 + 2/3*d**3 - 2*d - 1/4*d**4 + 2. Let k(t) = -t**3 - 7*t**2 - 3*t + 21. Let w be k(-6). Calculate r(w).
-2
Let a(p) be the second derivative of p**3/6 + 3*p**2 + 24401*p. Suppose -2*b - 2 - 2 = 0. Let z(x) = x**2 + x - 2. Let m be z(b). Give a(m).
6
Let w(s) = 48*s**3 + s**2 - 1. Let a = 6602 - 6601. What is w(a)?
48
Let h be 172/20*-2 + 40/200. Let g(u) = 5*u - 9. Calculate g(h).
-94
Let s(a) = -a**2 + 9*a + 18. Let p(h) = -h**2 + 8*h + 18. Suppose -26 = -3*v - 14, -11 = w - 2*v. Let c(k) = w*s(k) + 4*p(k). Give c(8).
-6
Suppose 2*u = z - 248, 2*u + 3*z = -2*u - 486. Let n = u - -121. Let j(i) = -i**3 - i**3 - 4*i**3 - 3*i**2 - 1 + 5*i**3. What is j(n)?
-5
Suppose 3*l = v + 8*l + 5, -l - 1 = -2*v. Let o(y) = -y**3 - y + 26. Give o(v).
26
Let t = 211 + -213. Let w(v) = 3*v**3 + 5*v**2 - 2*v + 19. Let i(l) = -7*l**3 - 11*l**2 + 5*l - 41. Let s(h) = t*i(h) - 5*w(h). Calculate s(-4).
3
Let a(n) be the first derivative of 3*n**2/2 + 48*n - 655. Give a(-11).
15
Suppose -127*p + 137 = -7*p - 223. Let i(w) = 3*w**3 + 2*w**2 + 3*w + 2. Calculate i(p).
110
Let o = 7756 + -7755. Let d(l) = -6*l**2 + 5*l - 1. Determine d(o).
-2
Let s(t) = 30*t - 60. Suppose 5*n = 6*k - 27, 2*k + 9 = -5*n - 2. Give s(k).
0
Let l(j) = 2*j + 9. Let m = 367 - 552. Let x = m - -259. Let o = -80 + x. Give l(o).
-3
Suppose -5*q - 3*q + 24 = 0. Suppose 6*g = 8*g - 3*t + 10, -3*g = q*t. Let n(f) = -3*f**2 + 2. Calculate n(g).
-10
Let b(c) = 30*c - 35*c + 11 + c**2 - 2 - 16 - 7. What is b(7)?
0
Let l = 14 + -8. Suppose 5*v + b + 35 = l*b, 0 = 2*v + 4*b + 8. Let j(h) = -h**2 - h - 4. Calculate j(v).
-34
Let f(o) = -22 - 30 - 2*o - 23 - 3*o + 18. What is f(-12)?
3
Let d(t) = 4*t - 3. Let w(v) = -36*v + 28. Let o(l) = 56*d(l) + 6*w(l). Give o(-2).
-16
Let r(q) be the second derivative of q**3/3 + q**2 - 14*q. Let o = -27 - -18. Let v(y) = -y**3 - 9*y**2 + y + 6. Let x be v(o). Determine r(x).
-4
Let w(j) = -32*j - 36. Let s(g) = 6*g + 7. Let x(q) = -11*s(q) - 2*w(q). Let a(p) = 1. Let b(c) = -a(c) - 2*x(c). Calculate b(-8).
-23
Let j(w) = 27*w**2 + 48*w + 80. Let f(z) = -z**3 - 2*z**2 + 3*z. Let c(a) = f(a) + j(a). What is c(27)?
-1
Let y(r) = r**2 - 23*r - 22. Suppose 0 = a + q - 29, 3*a - 14*q = -9*q + 47. What is y(a)?
2
Let q(p) = -p**2 + p + 17. Let h(l) = -1. Let r(a) = -3*h(a) - q(a). Let m = 400 + -729. Let v = m + 329. Calculate r(v).
-14
Let q(n) = 62*n + 12. Let z be q(-1). Let f be 8/10*z/(-4). Let j(p) = p**2 - 9*p - 10. Calculate j(f).
0
Suppose -24*l - 5 = 19. Let c(x) be the second derivative of -1/6*x**3 - 5*x + 0 + 0*x**2. Calculate c(l).
1
Let s(v) = -477 - 69 - 163904*v + 163891*v. Give s(-42).
0
Let t(o) = -o**2 - o + 1. Suppose 6*i - i - 10 = 0. Let d(y) = 15 + 16 - 36 + 16*y**i - y + 6*y. Let a(p) = d(p) + 4*t(p). Give a(1).
12
Let i(c) = c**2 - c - 75. Let f be i(13). Let z = f - 73. Let s(o) = 2*o - 9. Determine s(z).
7
Suppose -4*x = -3*f - 357, 0 = 2*f + 6 - 0. Let d(t) = x + t**2 - 186 + 96. Let h = -22 + 19. Give d(h).
6
Let t(u) = -u**3 + 11*u**2 + 66*u - 650. Let y be t(12). Let s(c) = c**2 + 1. Let w(v) = 4*v**3 + 3*v**2 - 2*v + 5. Let r(z) = 4*s(z) - w(z). Give r(y).
31
Let s = 21 + -7. Suppose -s*y = -75 - 9. Let k(r) = -r**2 + 6*r - 1. Calculate k(y).
-1
Let r(k) = 9*k**3 + 3*k**2 + 2*k. Let z be 23/4 - 6 - 22/8. Let u be (-50)/10 - (z + -1). Let i be r(u). Let h(w) = 2*w + 5. What is h(i)?
-11
Let i(u) = -6*u + 10*u**3 - 12*u - u**2 + 8 - 9*u**3 + 27*u - 18*u. Determine i(3).
-1
Let l(i) be the first derivative of -i**4/4 - 3*i**3 - 4*i**2 - i + 1. Let a be 2 + ((-960)/32 - -20). What is l(a)?
-1
Let q(j) = -3 + j - 1 + 3. Suppose -s + 6 = 2*x, 6*x + 10 = 4*x - 5*s. Suppose 25 = x*p, -4*p - 15 = -3*m - 56. What is q(m)?
-8
Let y = -1441 - -1430. Let v(t) = 2*t**2 + 20*t - 2. Calculate v(y).
20
Suppose -255*n - 1266 = -4071. Let h(z) = 3*z - 24. Determine h(n).
9
Let v(k) be the third derivative of 0*k + 2 + 2*k**2 + 1/24*k**4 - 1/6*k**3. What is v(-7)?
-8
Let x(o) = o**2 - 6*o - 33. Let m(d) = -443*d + 5326. Let j be m(12). Determine x(j).
7
Let n(f) = 4*f + 1. Let y(k) = -5*k**3 + 2*k**2 - 1. Let t be y(-1). What is n(t)?
25
Let s(r) = -r**2 - 342*r + 1393. Let z be s(4). Let a(q) = -q**2 + 3*q + 40. Give a(z).
-14
Let r(k) = 28*k + 121. Suppose -125 = 33665*v - 33640*v. Determine r(v).
-19
Suppose 7*r = 16*r + 504. Let a be 17/2 - (-84)/r. Let p(z) = -6 - 1 + z**2 + 1 - 4*z. What is p(a)?
15
Let q(u) = u + 8. Let c be -43 + 30 - -9*4. What is q(c)?
31
Let l(c) be the third derivative of c**8/20160 + c**7/5040 - c**6/80 + 7*c**5/60 + 2*c**2 + 26. Let m(o) be the third derivative of l(o). Calculate m(0).
-9
Suppose -2*c - 104 = -110. Let i(z) = -8*z**2 - 2*z + 2 + 2*z**2 - 4*z**3 + 9*z**2 + 3*z**c. Let s be 1*(-3)/(-1)*1. Determine i(s).
-4
Let j(v) be the second derivative of -v**4/12 - 19*v**3/6 - 7*v**2/2 + 2536*v. Determine j(-10).
83
Let h(w) = 4*w**2 - 2*w - 3. Suppose -3 = 4*n - 5*n - 2*n. Determine h(n).
-1
Let s(a) = -1167*a**2 + 11*a + 0*a**3 + 596*a**2 + 587*a**2 + a**3 - 3. What is s(-15)?
57
Let n = -13356 + 13358. Let m be (0 - 2) + (6 - 1). Let i(p) = 50 - 49 - m*p + n*p + 0*p. Determine i(-4).
5
Let c(a) = -74*a - 23 - 31 - 15 + 18 - 6*a**2. Let w(f) = -f**2 - 15*f - 10. Let m(d) = 2*c(d) - 11*w(d). Determine m(17).
8
Let r(b) be the first derivative of b**4/4 - 3*b**3 + 10*b**2 - 101*b - 5091. Determine r(8).
-5
Let g(i) be the second derivative of -4*i**3/3 - 3*i**2/2 - 110*i - 6. Determine g(-7).
53
Let d = 3479 - 3478. Let g(n) = 14*n - 7. Determine g(d).
7
Let o(h) = h - 5. Suppose -132 = -19*j + 134. Suppose -6*m = -16 - j. Calculate o(m).
0
Let x = 44 + -46. Let z(p) be the second derivative of -p**5/10 - p**4/4 - p**3/3 - 3*p**2/2 + 6*p + 5. Calculate z(x).
5
Let q = 29951 + -29977. Let c(o) = o + 37. What is c(q)?
11
Let s(l) = -5*l - 30. Let y(t) = -2*t - 6. Let r(x) = s(x) - 3*y(x). Calculate r(4).
-8
Let w(o) = o**3 + 6*o**2 + 11*o - 3. Suppose z + 2*z + 51 = -14*z. Calculate w(z).
-9
Let b(x) = 3*x**3 + 65*x**2 - 19*x + 76. Let v(s) = -2*s**3 - 33*s**2 + 9*s - 41. Let g(r) = -4*b(r) - 7*v(r). Calculate g(14).
-31
Let l(j) = 10*j - 6528 + 6532 + 0*j**2 + j - 4*j**2. What is l(5)?
-41
Let j(w) = -6*w + 5 - 3*w**2 - 14 + 2*w**2 - 29*w + 26*w. What is j(-3)?
9
Let l(s) = s**3 + s**2 - s + 21. Let p(z) = 5*z**3 + 6*z**2 - 18*z + 55. Let k(t) = -3*l(t) + p(t). Give k(-3).
10
Let d(w) = -6*w - 19. Let h(l) = l + 4. Let s(t) = 2*d(t) + 11*h(t). Suppose 49 - 114 = -54*r + 205. Calculate s(r).
1
Let k(y) = 6*y - 45. Let r(w) = -61*w - 177. Let p be r(-3). What is k(p)?
-9
Suppose -5*h + 38 = 2*a, 7*a - 6*a - 2*h = 19. Let v(w) = 3*w**2 - 58*w + 24. Let m be v(a). Let x(y) = -y + 6. Calculate x(m).
1
Let u(v) be the second derivative of v**5/20 - 5*v**4/12 + 2*v**3/3 - 19*v - 7. Let o = 34 - 31. What is u(o)?
-6
Let o(g) = g**2 + 9*g + 2. Suppose 0 = b + 26 - 28. Suppose 92 = -10*z + b. Give o(z).
2
Suppose 9*r + 2*r + 235 = -249. Let c(t) = -t**3 - 43*t**2 + 45*t + 38. Calculate c(r).
-6
Let l = 13222 + -13224. Let s(y) = 43*y**2 + 3*y + 1. Calculate s(l).
167
Let z(k) = -14*k + 33*k - 18*k - 9*k - 147. Let v be z(-18). Let i(m) = -m**3 - m**2 + 4*m. Determine i(v).
6
Suppose -3*h - 161 = -2*w - 461, -3*w + 5*h = 450. Let u = -164 - w. Let c(j) = -j**3 - 13*j**2 + 14*j - 5. Calculate c(u).
-5
Let t(i) = i**2 - i - 1. Let j be t(-2). Let m(k) be the third derivative of k**4/8 - 2*k**3/3 - 1184*k**2 - 2*k + 4. Determine m(j).
11
Let b be (6/(1 + -4))/(-2). Let r(j) be the third derivative of -7*j**5/60 - j**4/12 + j**3/6 + j**2 - 3. What is r(b)?
-8
Let u(j) = j**2 - 80 - 94 - 91 + 273 + 10*j. Determine u(-13).
47
Let r = 10040 - 10045. Let q(t) = -5*t - 15. Calculate q(r).
10
Let k(m) = 11*m + 37. Let a be k(-7). Let d = 37 + a. Let h(u) = 12*u**3 + 2*u**2 -